0010100001 (base 3) to base 10.
2482489
Convert -2122021012020 (base 3) to base 7.
-14631420
876032 (base 9) to base 13
153c05
-129180a (base 11) to base 7
-24635605
What is -1312324320 (base 5) in base 7?
-36405230
aeeab (base 16) to base 12
2a674b
Convert -16426346 (base 8) to base 15.
-5049c2
f785d0 (base 16) to base 5
13123043043
Convert -1241025 (base 7) to base 4.
-213113031
Convert -13aa1 (base 12) to base 13.
-c67c
102172 (base 9) to base 11
4162a
Convert -d1840 (base 16) to base 6.
-30221012
10012101110 (base 3) to base 10
62976
What is -31646304 (base 9) in base 3?
-1001201120100011
Convert 110011330 (base 5) to base 9.
785136
-800315 (base 9) to base 5
-110111044
What is -587344 (base 9) in base 16?
-5635f
14202431 (base 5) to base 11
a0696
What is -116400 (base 8) in base 5?
-2241232
10012000111 (base 3) to base 16
f4f3
Convert -1201320 (base 7) to base 12.
-739b3
1110100011100011 (base 2) to base 10
59619
What is -1121212022 (base 3) in base 5?
-2010401
Convert -11101111202011 (base 3) to base 9.
-4344664
-4db90 (base 14) to base 15
-3bb98
What is -1301241 (base 5) in base 12?
-126b8
-1443652 (base 7) to base 12
-95401
30c4a2 (base 14) to base 8
6221336
315440 (base 7) to base 12
27835
11163161 (base 7) to base 4
3231223112
Convert 62688 (base 13) to base 14.
4866a
-1252005 (base 7) to base 6
-3303023
Convert 3135567 (base 8) to base 15.
117383
1010100010111010 (base 2) to base 3
2012020210
-7052788 (base 9) to base 3
-21001202212222
Convert -5173425 (base 8) to base 14.
-27aa0d
Convert 1783577 (base 9) to base 10.
999934
What is -15671535 (base 8) in base 10?
-3634013
1011111011100010 (base 2) to base 6
1014122
What is -20230311 (base 4) in base 13?
-132b4
34476 (base 8) to base 4
3210332
Convert -a65b54 (base 12) to base 16.
-280630
What is -2705372 (base 8) in base 11?
-477394
Convert -472246 (base 10) to base 9.
-788717
Convert -4304242 (base 5) to base 7.
-421134
Convert 102223000021 (base 4) to base 10.
4894729
Convert -10303222 (base 5) to base 4.
-111132001
Convert 1482851 (base 10) to base 16.
16a063
-13203030133 (base 4) to base 8
-7431437
-3203114 (base 5) to base 11
-37248
What is -956a7b (base 14) in base 10?
-5051029
Convert -1112010021021 (base 3) to base 14.
-170d74
Convert -157a23 (base 14) to base 10.
-751103
Convert 41503531 (base 7) to base 5.
1343402102
What is -100100010000001101 (base 2) in base 14?
-3c189
What is 361950 (base 10) in base 12?
155566
Convert 10110010101100111 (base 2) to base 16.
16567
Convert -86a9a20 (base 11) to base 15.
-1522ce5
Convert -1010120101101100 (base 3) to base 2.
-111101111110010100011100
110122121122111 (base 3) to base 13
151572a
111010000011010101100 (base 2) to base 7
22111632
Convert 527632 (base 9) to base 15.
63075
What is -12021333302 (base 4) in base 12?
-659b02
113ab03 (base 12) to base 10
3315891
What is -552420 (base 8) in base 16?
-2d510
Convert 9a155c (base 13) to base 8.
15662436
What is -189679 (base 12) in base 15?
-87b89
Convert 1000121020202 (base 3) to base 15.
aae92
What is 4a97422 (base 12) in base 9?
30470668
Convert -145405 (base 12) to base 13.
-bc297
-8569a8 (base 13) to base 12
-106a21a
9cb89f (base 16) to base 2
100111001011100010011111
What is -1011001111010010010101 (base 2) in base 3?
-12112200102102
-1135014144 (base 6) to base 12
-436a354
437b1 (base 12) to base 16
15cb5
-220133214 (base 5) to base 10
-942934
3434414 (base 5) to base 6
1154215
11103103002 (base 4) to base 7
14545533
-110355130 (base 7) to base 10
-6652555
Convert -29d28 (base 14) to base 11.
-71248
Convert 47706 (base 16) to base 6.
10134410
What is -10000101010101110110110 (base 2) in base 14?
-81a474
121202 (base 5) to base 4
1013020
What is 1014341420 (base 5) in base 8?
10021004
Convert 400a3 (base 13) to base 3.
12210220012
280687 (base 11) to base 3
211100122012
2d046 (base 15) to base 16
23727
Convert -1155672 (base 8) to base 2.
-1001101101110111010
Convert 10000111110010101010 (base 2) to base 3.
1001020222002
Convert -64990 (base 12) to base 13.
-48552
-a2315 (base 16) to base 14
-13416d
98d7 (base 14) to base 5
1321303
11100110100001101 (base 2) to base 14
31029
3163525 (base 8) to base 7
10121314
Convert -2656425 (base 7) to base 2.
-1010101100011010010
What is 29015 (base 14) in base 2?
11000110010101011
Convert -1000010100110010111000 (base 2) to base 16.
-214cb8
What is 2c7b7 (base 15) in base 7?
1135234
What is 3355405 (base 6) in base 13?
5cab3
-278b6 (base 12) to base 4
-31121022
Convert 100001011100100 (base 2) to base 6.
211140
What is 142327 (base 8) in base 5?
3103031
-20665355 (base 9) to base 10
-9963536
What is -7178 (base 11) in base 16?
-2533
Convert 54ad86 (base 14) to base 3.
12101221212100
-34234423 (base 5) to base 7
-2412000
What is 39335 (base 14) in base 2?
100010010100100011
56d6c9 (base 14) to base 6
143212053
321412352 (base 6) to base 16
56a50c
Convert 30063322 (base 7) to base 9.
4608414
Convert -10011001111110110 (base 2) to base 6.
-1404554
What is 200020110211 (base 3) in base 8?
1275146
What is -2023a (base 12) in base 2?
-1010001101001110
-322321201 (base 4) to base 3
-110020221011
-24ea85 (base 15) to base 14
-341511
1122110122221 (base 3) to base 14
18ada4
10020010000 (base 3) to base 11
43791
64536001 (base 7) to base 13
11a99b2
Convert -1125670 (base 8) to base 14.
-7d7a8
-1222121222111 (base 3) to base 9
-1877874
What is -19cab (base 14) in base 3?
-10100000012
Convert -5623336 (base 8) to base 9.
-2762274
70830 (base 11) to base 13
38148
What is 155302 (base 9) in base 7?
546065
Convert 1143503 (base 7) to base 9.
241325
-39a67 (base 13) to base 11
-73623
Convert 3113313320 (base 5) to base 9.
13012175
2498815 (base 10) to base 6
125320331
Convert 5666 (base 15) to base 3.
221010120
-321400242 (base 5) to base 12
-554aaa
What is -165927 (base 12) in base 15?
-7882a
What is 710244 (base 12) in base 9?
3276217
1555 (base 16) to base 10
5461
-1201102110000 (base 3) to base 12
-380969
Convert -45512540 (base 7) to base 8.
-17111424
What is 525011 (base 7) in base 3?
11121020002
9a16c (base 15) to base 2
1110111100011100110
Convert 112862 (base 9) to base 13.
24b03
Convert 34012100 (base 7) to base 3.
12112120220102
Convert 12100122221100 (base 3) to base 7.
33126354
Convert -61b969 (base 13) to base 16.
-22d26e
113353050 (base 6) to base 5
1021130011
What is -96882 (base 11) in base 5?
-14001223
-48b27 (base 16) to base 12
-12439b
202333303 (base 4) to base 8
427763
What is 20441225 (base 7) in base 12?
6b1aa2
What is 1012022011020 (base 3) in base 16?
9b39a
What is 33022 (base 14) in base 15?
268e0
131221003 (base 4) to base 5
12341121
What is 2115023 (base 6) in base 2?
11001010000110111
Convert 1156301 (base 8) to base 10.
318657
-246279 (base 12) to base 3
-1010001012010
What is 7522c5 (base 16) in base 14?
103b857
Convert -2497e (base 16) to base 3.
-21121121100
Convert -1d42e (base 16) to base 13.
-42727
-3588a2c (base 13) to base 16
-fd0fec
What is 53121041 (base 6) in base 9?
2822487
-b25b8 (base 14) to base 4
-1220302112
6776d (base 15) to base 9
551334
Convert 3082531 (base 10) to base 6.
150022551
-1211403443 (base 5) to base 7
-33102105
-14460005 (base 9) to base 10
-7184300
What is -22030321 (base 4) in base 14?
-11329
Convert -262990 (base 13) to base 3.
-1201201222111
Convert 3412531 (base 9) to base 6.
103225431
244727 (base 9) to base 10
147850
-61401 (base 8) to base 2
-110001100000001
What is 244745 (base 8) in base 4?
110213211
34443241 (base 6) to base 12
433521
What is -145a67 (base 12) in base 8?
-1233657
What is -185446 (base 10) in base 3?
-100102101101
What is -3b421 (base 13) in base 2?
-11010111111011001
-104440533 (base 6) to base 13
-51809a
-14725 (base 12) to base 4
-13000031
What is 21112311133 (base 4) in base 12?
9a3567
Convert 25505 (base 6) to base 5.
110412
Convert 1041188 (base 10) to base 11.
651295
What is -200002202220011 (base 3) in base 11?
-5481062
Convert 553213 (base 11) to base 13.
24ba19
6284851 (base 9) to base 7
40404130
Convert 3320839 (base 10) to base 16.
32ac07
30788856 (base 9) to base 16
e22795
What is 3001424240 (base 5) in base 9?
12065558
2420045 (base 8) to base 14
133b93
What is 437410 (base 8) in base 15?
2d93d
What is -4113311 (base 5) in base 8?
-202222
What is 2095